{"id":11406,"date":"2016-12-05T16:27:00","date_gmt":"2016-12-05T16:27:00","guid":{"rendered":"https:\/\/landscaping.vamtam.com\/?page_id=11406"},"modified":"2025-05-04T16:09:32","modified_gmt":"2025-05-04T16:09:32","slug":"services","status":"publish","type":"page","link":"https:\/\/v2.ogrodymai.pl\/index.php\/services\/","title":{"rendered":"Serwis Ogrodniczy"},"content":{"rendered":"<div class=\"vgblk-rw-wrapper limit-wrapper\"><h2>\n\t\t\t<a href=\"\/urban\/\" title=\"Kszta\u0142towanie krajobrazu\" target=\"_self\">\n\tKszta\u0142towanie krajobrazu\n\t\t\t<\/a>\n\t<\/h2>\n\t<p>Przestrze\u0144 miasta lub firmy\u00a0 wymaga innego spojrzenia na projektowanie ni\u017c ogr\u00f3d domowy. Trzeba zastanowi\u0107 si\u0119 nad innym doborem ro\u015blin. Zastosowa\u0107 ro\u015bliny najbardziej wytrzyma\u0142e, odporne na zasolenie lub trudne, miejskie warunki ( zanieczyszczenie powietrza, mniejsz\u0105 dost\u0119pno\u015b\u0107 wody).\u00a0 Jest wiele czynnik\u00f3w kt\u00f3re sprawiaj\u0105, \u017ce\u00a0 projektowanie przestrzeni publicznej wymaga zupe\u0142nie inego podej\u015bcia.<\/p>\n\t<a href=\"\/urban\/\" target=\"_self\" role=\"button\">\n\t\t\t\t\tMore\n\t<\/a>\n<h2>\n\t\t\t<a href=\"\/gardens\/\" title=\"Ogr\u00f3d przydomowy\" target=\"_self\">\n\tOgr\u00f3d przydomowy\n\t\t\t<\/a>\n\t<\/h2>\n\t<p>W projketowaniu przydomowych ogrod\u00f3w najwa\u017cniejsza jest wsp\u00f3\u0142praca z Wami- w\u0142a\u015bcicielami ogr\u00f3d\u00f3w.\u00a0 Dla Was tworzymy projekt. To Wy, b\u0119dziecie mieszka\u0107 i sp\u0119dza\u0107 czas wolny po\u015br\u00f3d zieleni.\u00a0 Ja postaram si\u0119 stworzy\u0107 sp\u00f3jn\u0105 koncepcje, uszyt\u0105 na Wasza miar\u0119 i Wasz bud\u017cet.<\/p>\n<p>&nbsp;<\/p>\n\t<a href=\"\/gardens\/\" target=\"_self\" role=\"button\">\n\t\t\t\t\tMore\n\t<\/a>\n<h2>\n\t\t\t<a href=\"\/maintenance\/\" title=\"Serwis\" target=\"_self\">\n\tSerwis\n\t\t\t<\/a>\n\t<\/h2>\n\t<p>Prowadzimy piel\u0119gnacje ogrod\u00f3w nowo za\u0142o\u017conych, ratujemy zaniedbane ogrody i przywracamy \u015bwietno\u015b\u0107 tym zupe\u0142nie zapomnianym. Pomagamy utrzyma\u0107 ogr\u00f3d w dobrej kondycji przez nast\u0119pne lata. Sprawiamy aby w pe\u0142ni rozkwita\u0142. Prowadzimy serwis nawadniania, planujemy kalendarz nawo\u017cenia, montujemy i serwisujemy roboty kosz\u0105ce.<\/p>\n\t<a href=\"\/maintenance\/\" target=\"_self\" role=\"button\">\n\t\t\t\t\tMore\n\t<\/a>\n<h2>\n\t\t\t<a href=\"\/services\/events-decoration\/\" title=\"Nawadnianie\" target=\"_self\">\n\tNawadnianie\n\t\t\t<\/a>\n\t<\/h2>\n\t<p>Nowoczesnie nawadnianie to optymalne wykorzystanie zasob\u00f3w wodnych. Projektujemy i wykonujemy systemy nawadniajace oparte o zbiorniki na wode deszczow\u0105 jak i tradycyjne zr\u00f3d\u0142a wody.<\/p>\n<p>Dobrze przemy\u015blane nawadnianie ogrodu pozwala zaoszczadzi\u0107 czas i\u00a0 wod\u0119.<\/p>\n\t<a href=\"\/services\/events-decoration\/\" target=\"_self\" role=\"button\">\n\t\t\t\t\tMore\n\t<\/a>\n<h4>\n\tPosiadamy wiedz\u0119 i pasj\u0119 tworzenia\n\t<\/h4>\n<h4>\n\tZapro\u015b nas do swojego ogrodu\n\t<\/h4>\n<h4>\n\tWe don&#8217;t cut corners to maximize our profit.\n\t<\/h4>\n\tNotice: JavaScript is required for this content.\n        <!-- That data is being printed as a workaround to page builders reordering the order of the scripts loaded--><\/div><!-- .vgblk-rw-wrapper -->","protected":false},"excerpt":{"rendered":"<p>Kszta\u0142towanie krajobrazu Przestrze\u0144 miasta lub firmy\u00a0 wymaga innego spojrzenia na projektowanie ni\u017c ogr\u00f3d domowy. Trzeba zastanowi\u0107 si\u0119 nad innym doborem ro\u015blin. Zastosowa\u0107 ro\u015bliny najbardziej wytrzyma\u0142e, odporne na zasolenie lub trudne,&#8230;<\/p>\n","protected":false},"author":1,"featured_media":0,"parent":0,"menu_order":0,"comment_status":"closed","ping_status":"closed","template":"","meta":{"footnotes":""},"class_list":["post-11406","page","type-page","status-publish","hentry"],"_links":{"self":[{"href":"https:\/\/v2.ogrodymai.pl\/index.php\/wp-json\/wp\/v2\/pages\/11406","targetHints":{"allow":["GET"]}}],"collection":[{"href":"https:\/\/v2.ogrodymai.pl\/index.php\/wp-json\/wp\/v2\/pages"}],"about":[{"href":"https:\/\/v2.ogrodymai.pl\/index.php\/wp-json\/wp\/v2\/types\/page"}],"author":[{"embeddable":true,"href":"https:\/\/v2.ogrodymai.pl\/index.php\/wp-json\/wp\/v2\/users\/1"}],"replies":[{"embeddable":true,"href":"https:\/\/v2.ogrodymai.pl\/index.php\/wp-json\/wp\/v2\/comments?post=11406"}],"version-history":[{"count":2,"href":"https:\/\/v2.ogrodymai.pl\/index.php\/wp-json\/wp\/v2\/pages\/11406\/revisions"}],"predecessor-version":[{"id":987693,"href":"https:\/\/v2.ogrodymai.pl\/index.php\/wp-json\/wp\/v2\/pages\/11406\/revisions\/987693"}],"wp:attachment":[{"href":"https:\/\/v2.ogrodymai.pl\/index.php\/wp-json\/wp\/v2\/media?parent=11406"}],"curies":[{"name":"wp","href":"https:\/\/api.w.org\/{rel}","templated":true}]}}